{"id":1169,"date":"2024-05-11T16:08:51","date_gmt":"2024-05-11T14:08:51","guid":{"rendered":"https:\/\/www.desclicsetdeslettres.fr\/?page_id=1169"},"modified":"2024-05-11T17:43:10","modified_gmt":"2024-05-11T15:43:10","slug":"les-que-sais-je-sur-lescrime","status":"publish","type":"page","link":"https:\/\/www.desclicsetdeslettres.fr\/index.php\/les-que-sais-je-sur-lescrime\/","title":{"rendered":"Les \u00ab\u00a0Que sais-je ?\u00a0\u00bb sur l&rsquo;escrime"},"content":{"rendered":"\n<p style=\"text-align: justify\">Tout le monde a d\u00e9j\u00e0 entendu parler de la collection \u00ab\u00a0Que sais-je ?\u00a0\u00bb des Presses Universitaires de France (PUF). Cr\u00e9\u00e9e au d\u00e9but des ann\u00e9es 40, elle a pour objectif de r\u00e9sumer dans des ouvrages condens\u00e9s, mais tr\u00e8s riches, de 128 pages exactement, l\u2019\u00e9tendue des connaissances actuelles sur un maximum de sujets issus des cultures universitaires et populaires, allant de l\u2019astrophysique au paranormal en passant par l\u2019art de la contrep\u00e8terie. La collection comporte \u00e0 l\u2019heure actuelle environ 4000 titres portant chacun un num\u00e9ro unique. Malheureusement, la plupart des titres anciens de ne sont plus imprim\u00e9s et sombrent peu \u00e0 peu dans l\u2019oubli. Toutefois, en cherchant un peu, on parvient \u00e0 mettre la main sur quelques raret\u00e9s, comme notamment un volume\u2026 sur l\u2019escrime moderne ! Voici une photographie de la couverture :<\/p>\n\n\n<div class=\"wp-block-image\">\n<figure class=\"aligncenter size-large is-resized\"><img fetchpriority=\"high\" decoding=\"async\" width=\"1024\" height=\"745\" src=\"https:\/\/www.desclicsetdeslettres.fr\/wp-content\/uploads\/2024\/05\/Que-sais-je-escrime-1024x745.jpg\" alt=\"\" class=\"wp-image-1172\" style=\"width:647px;height:auto\" srcset=\"https:\/\/www.desclicsetdeslettres.fr\/wp-content\/uploads\/2024\/05\/Que-sais-je-escrime-1024x745.jpg 1024w, https:\/\/www.desclicsetdeslettres.fr\/wp-content\/uploads\/2024\/05\/Que-sais-je-escrime-300x218.jpg 300w, https:\/\/www.desclicsetdeslettres.fr\/wp-content\/uploads\/2024\/05\/Que-sais-je-escrime-768x559.jpg 768w, https:\/\/www.desclicsetdeslettres.fr\/wp-content\/uploads\/2024\/05\/Que-sais-je-escrime-1536x1118.jpg 1536w, https:\/\/www.desclicsetdeslettres.fr\/wp-content\/uploads\/2024\/05\/Que-sais-je-escrime.jpg 1992w\" sizes=\"(max-width: 1024px) 100vw, 1024px\" \/><\/figure>\n<\/div>\n\n\n<p style=\"text-align: justify\">Inutile d\u2019essayer de loucher pour voir la couverture en relief : il y a bien deux livres sur cette image ! Il s\u2019agit du num\u00e9ro 1490 de la collection \u00ab\u00a0Que sais-je ?\u00a0\u00bb premi\u00e8re et deuxi\u00e8me version. Les deux ne sont plus r\u00e9\u00e9dit\u00e9es, mais on en trouve encore de nombreux exemplaires d\u2019occasion. Voici ce que contiennent ces deux livres datant respectivement de 1973 et de 1992 :<\/p>\n<br>\n\n\n\n<p><strong>Livre 1<\/strong><\/p>\n\n\n\n<p style=\"text-align: justify\">L\u2019auteur : Raoul Cl\u00e9ry (1907 \u2013 2004), militaire et ma\u00eetre d\u2019armes issu de l\u2019Ecole de Joinville, connu pour avoir \u00e9crit l\u2019un des deux ouvrages de r\u00e9f\u00e9rence sur l\u2019escrime dans les ann\u00e9es 60 (l\u2019autre \u00e9tant celui du ma\u00eetre Thirioux), puis le petit livre qui nous int\u00e9resse ici.<\/p>\n\n\n\n<p style=\"text-align: justify\">Le contenu : un manuel d\u2019escrime classique \u00e9crit par un des plus grands ma\u00eetres du XX\u00e8me si\u00e8cle se d\u00e9composant en quatre parties. Une premi\u00e8re sur l\u2019histoire de l\u2019escrime, son organisation en France (dans les ann\u00e9es 70), ses effets physiologiques, les comp\u00e9titions et l\u2019initiation des enfants, suivie de trois parties techniques, une sur le fleuret, une sur l\u2019\u00e9p\u00e9e et une sur le sabre. Un petit livre sobre, mais tout l\u2019art du ma\u00eetre est l\u00e0.<\/p>\n\n\n\n<p><strong>Livre 2<\/strong><\/p>\n\n\n\n<p style=\"text-align: justify\">Les auteurs : Daniel Revenu (1942 &#8211; 2024), professeur d\u2019EPS, ancien membre de l\u2019\u00e9quipe de France de fleuret, champion du monde et champion olympique par \u00e9quipe dans les ann\u00e9es 60 et 70 et Raymond Thomas, professeur \u00e0 l\u2019Universit\u00e9 Paris X, docteur en sciences de l\u2019\u00e9ducation et auteur de nombreux ouvrages sur le sport et son histoire.<\/p>\n\n\n\n<p style=\"text-align: justify\">Le contenu : cette nouvelle mouture, sortie dix-neuf ans apr\u00e8s la premi\u00e8re, adopte un tout autre ton, se concentrant davantage sur l\u2019enseignement et la sociologie de l\u2019escrime. Seul un tiers du livre est consacr\u00e9 \u00e0 la technique. Le reste traite des statistiques de la f\u00e9d\u00e9ration, de la relation ma\u00eetre\/\u00e9l\u00e8ve, de la motivation et des diff\u00e9rences entre l\u2019escrimeur loisir et le comp\u00e9titeur. Je l\u2019ai lu il y a longtemps, mais je me souviens qu\u2019il m\u2019avait laiss\u00e9 sur ma faim, avec une impression de fouillis, d\u2019un \u00e9ventail d\u2019id\u00e9es int\u00e9ressantes jet\u00e9es p\u00eale-m\u00eale sur le papier sans r\u00e9el souci d\u2019organisation. Une perte de qualit\u00e9 donc par rapport \u00e0 l\u2019\u00e9dition de 1973 qui a s\u00fbrement sign\u00e9 l\u2019arr\u00eat de mort \u00e9ditoriale du num\u00e9ro 1490 de la collection \u00ab\u00a0Que sais-je ?\u00a0\u00bb jamais mis \u00e0 jour, ni r\u00e9imprim\u00e9 depuis\u2026<\/p>\n\n\n\n<br>\n<p style=\"text-align: justify\">En somme, je vous conseille de lire la version de Cl\u00e9ry, un manuel moins vivant que <em>Les Fondamentaux de l\u2019escrime<\/em> pr\u00e9sent\u00e9s dans un autre article, car tr\u00e8s peu illustr\u00e9, mais tr\u00e8s complet et d\u2019une qualit\u00e9 irr\u00e9prochable, \u00e0 l\u2019image du reste des ouvrages des PUF. Contentez-vous de lire, pour ne pas vous lasser, la premi\u00e8re partie, puis celle consacr\u00e9e \u00e0 votre arme. La version de Revenu et Thomas n\u2019est pas un indispensable, mais pr\u00e9sente tout de m\u00eame un int\u00e9r\u00eat documentaire. R\u00e9serv\u00e9e aux collectionneurs.<\/p>\n\n\n\n<p style=\"text-align: justify\">Voil\u00e0, c\u2019est tout pour aujourd\u2019hui. \u00c0 bient\u00f4t pour de nouvelles pr\u00e9sentations ! Je viens de commencer \u00e0 lire l\u2019autobiographie de l\u2019\u00e9p\u00e9iste canadienne Sherraine Schalm, intitul\u00e9e <em>Running with Swords<\/em>. Les vingt premi\u00e8res pages sont tr\u00e8s prometteuses. Je vous en dirai des nouvelles !<\/p>\n","protected":false},"excerpt":{"rendered":"<p>Tout le monde a d\u00e9j\u00e0 entendu parler de la collection \u00ab\u00a0Que sais-je ?\u00a0\u00bb des Presses Universitaires de France (PUF). Cr\u00e9\u00e9e au d\u00e9but des ann\u00e9es 40, elle a pour objectif de r\u00e9sumer dans des ouvrages condens\u00e9s, mais tr\u00e8s riches, de 128 pages exactement, l\u2019\u00e9tendue des connaissances actuelles sur un maximum de sujets issus des cultures universitaires [&hellip;]<\/p>\n","protected":false},"author":1,"featured_media":0,"parent":0,"menu_order":0,"comment_status":"open","ping_status":"closed","template":"","meta":{"_monsterinsights_skip_tracking":false,"_monsterinsights_sitenote_active":false,"_monsterinsights_sitenote_note":"","_monsterinsights_sitenote_category":0,"_uf_show_specific_survey":0,"_uf_disable_surveys":false,"ocean_post_layout":"","ocean_both_sidebars_style":"","ocean_both_sidebars_content_width":0,"ocean_both_sidebars_sidebars_width":0,"ocean_sidebar":"","ocean_second_sidebar":"","ocean_disable_margins":"enable","ocean_add_body_class":"","ocean_shortcode_before_top_bar":"","ocean_shortcode_after_top_bar":"","ocean_shortcode_before_header":"","ocean_shortcode_after_header":"","ocean_has_shortcode":"","ocean_shortcode_after_title":"","ocean_shortcode_before_footer_widgets":"","ocean_shortcode_after_footer_widgets":"","ocean_shortcode_before_footer_bottom":"","ocean_shortcode_after_footer_bottom":"","ocean_display_top_bar":"default","ocean_display_header":"default","ocean_header_style":"","ocean_center_header_left_menu":"","ocean_custom_header_template":"","ocean_custom_logo":0,"ocean_custom_retina_logo":0,"ocean_custom_logo_max_width":0,"ocean_custom_logo_tablet_max_width":0,"ocean_custom_logo_mobile_max_width":0,"ocean_custom_logo_max_height":0,"ocean_custom_logo_tablet_max_height":0,"ocean_custom_logo_mobile_max_height":0,"ocean_header_custom_menu":"","ocean_menu_typo_font_family":"","ocean_menu_typo_font_subset":"","ocean_menu_typo_font_size":0,"ocean_menu_typo_font_size_tablet":0,"ocean_menu_typo_font_size_mobile":0,"ocean_menu_typo_font_size_unit":"px","ocean_menu_typo_font_weight":"","ocean_menu_typo_font_weight_tablet":"","ocean_menu_typo_font_weight_mobile":"","ocean_menu_typo_transform":"","ocean_menu_typo_transform_tablet":"","ocean_menu_typo_transform_mobile":"","ocean_menu_typo_line_height":0,"ocean_menu_typo_line_height_tablet":0,"ocean_menu_typo_line_height_mobile":0,"ocean_menu_typo_line_height_unit":"","ocean_menu_typo_spacing":0,"ocean_menu_typo_spacing_tablet":0,"ocean_menu_typo_spacing_mobile":0,"ocean_menu_typo_spacing_unit":"","ocean_menu_link_color":"","ocean_menu_link_color_hover":"","ocean_menu_link_color_active":"","ocean_menu_link_background":"","ocean_menu_link_hover_background":"","ocean_menu_link_active_background":"","ocean_menu_social_links_bg":"","ocean_menu_social_hover_links_bg":"","ocean_menu_social_links_color":"","ocean_menu_social_hover_links_color":"","ocean_disable_title":"default","ocean_disable_heading":"default","ocean_post_title":"","ocean_post_subheading":"","ocean_post_title_style":"","ocean_post_title_background_color":"","ocean_post_title_background":0,"ocean_post_title_bg_image_position":"","ocean_post_title_bg_image_attachment":"","ocean_post_title_bg_image_repeat":"","ocean_post_title_bg_image_size":"","ocean_post_title_height":0,"ocean_post_title_bg_overlay":0.5,"ocean_post_title_bg_overlay_color":"","ocean_disable_breadcrumbs":"default","ocean_breadcrumbs_color":"","ocean_breadcrumbs_separator_color":"","ocean_breadcrumbs_links_color":"","ocean_breadcrumbs_links_hover_color":"","ocean_display_footer_widgets":"default","ocean_display_footer_bottom":"default","ocean_custom_footer_template":"","footnotes":""},"class_list":["post-1169","page","type-page","status-publish","hentry","entry"],"yoast_head":"<!-- This site is optimized with the Yoast SEO plugin v26.8 - https:\/\/yoast.com\/product\/yoast-seo-wordpress\/ -->\n<title>Les &quot;Que sais-je ?&quot; sur l&#039;escrime - Des Clics et des Lettres<\/title>\n<meta name=\"robots\" content=\"index, follow, max-snippet:-1, max-image-preview:large, max-video-preview:-1\" \/>\n<link rel=\"canonical\" href=\"https:\/\/www.desclicsetdeslettres.fr\/index.php\/les-que-sais-je-sur-lescrime\/\" \/>\n<meta property=\"og:locale\" content=\"fr_FR\" \/>\n<meta property=\"og:type\" content=\"article\" \/>\n<meta property=\"og:title\" content=\"Les &quot;Que sais-je ?&quot; sur l&#039;escrime - Des Clics et des Lettres\" \/>\n<meta property=\"og:description\" content=\"Tout le monde a d\u00e9j\u00e0 entendu parler de la collection \u00ab\u00a0Que sais-je ?\u00a0\u00bb des Presses Universitaires de France (PUF). Cr\u00e9\u00e9e au d\u00e9but des ann\u00e9es 40, elle a pour objectif de r\u00e9sumer dans des ouvrages condens\u00e9s, mais tr\u00e8s riches, de 128 pages exactement, l\u2019\u00e9tendue des connaissances actuelles sur un maximum de sujets issus des cultures universitaires [&hellip;]\" \/>\n<meta property=\"og:url\" content=\"https:\/\/www.desclicsetdeslettres.fr\/index.php\/les-que-sais-je-sur-lescrime\/\" \/>\n<meta property=\"og:site_name\" content=\"Des Clics et des Lettres\" \/>\n<meta property=\"article:publisher\" content=\"https:\/\/www.facebook.com\/profile.php?id=61558453618650\" \/>\n<meta property=\"article:modified_time\" content=\"2024-05-11T15:43:10+00:00\" \/>\n<meta property=\"og:image\" content=\"https:\/\/www.desclicsetdeslettres.fr\/wp-content\/uploads\/2024\/05\/Que-sais-je-escrime-1024x745.jpg\" \/>\n<meta name=\"twitter:card\" content=\"summary_large_image\" \/>\n<meta name=\"twitter:site\" content=\"@DClicsDLettres\" \/>\n<meta name=\"twitter:label1\" content=\"Dur\u00e9e de lecture estim\u00e9e\" \/>\n\t<meta name=\"twitter:data1\" content=\"4 minutes\" \/>\n<script type=\"application\/ld+json\" class=\"yoast-schema-graph\">{\"@context\":\"https:\/\/schema.org\",\"@graph\":[{\"@type\":\"WebPage\",\"@id\":\"https:\/\/www.desclicsetdeslettres.fr\/index.php\/les-que-sais-je-sur-lescrime\/\",\"url\":\"https:\/\/www.desclicsetdeslettres.fr\/index.php\/les-que-sais-je-sur-lescrime\/\",\"name\":\"Les \\\"Que sais-je ?\\\" sur l'escrime - Des Clics et des Lettres\",\"isPartOf\":{\"@id\":\"https:\/\/www.desclicsetdeslettres.fr\/#website\"},\"primaryImageOfPage\":{\"@id\":\"https:\/\/www.desclicsetdeslettres.fr\/index.php\/les-que-sais-je-sur-lescrime\/#primaryimage\"},\"image\":{\"@id\":\"https:\/\/www.desclicsetdeslettres.fr\/index.php\/les-que-sais-je-sur-lescrime\/#primaryimage\"},\"thumbnailUrl\":\"https:\/\/www.desclicsetdeslettres.fr\/wp-content\/uploads\/2024\/05\/Que-sais-je-escrime-1024x745.jpg\",\"datePublished\":\"2024-05-11T14:08:51+00:00\",\"dateModified\":\"2024-05-11T15:43:10+00:00\",\"breadcrumb\":{\"@id\":\"https:\/\/www.desclicsetdeslettres.fr\/index.php\/les-que-sais-je-sur-lescrime\/#breadcrumb\"},\"inLanguage\":\"fr-FR\",\"potentialAction\":[{\"@type\":\"ReadAction\",\"target\":[\"https:\/\/www.desclicsetdeslettres.fr\/index.php\/les-que-sais-je-sur-lescrime\/\"]}]},{\"@type\":\"ImageObject\",\"inLanguage\":\"fr-FR\",\"@id\":\"https:\/\/www.desclicsetdeslettres.fr\/index.php\/les-que-sais-je-sur-lescrime\/#primaryimage\",\"url\":\"https:\/\/www.desclicsetdeslettres.fr\/wp-content\/uploads\/2024\/05\/Que-sais-je-escrime.jpg\",\"contentUrl\":\"https:\/\/www.desclicsetdeslettres.fr\/wp-content\/uploads\/2024\/05\/Que-sais-je-escrime.jpg\",\"width\":1992,\"height\":1450},{\"@type\":\"BreadcrumbList\",\"@id\":\"https:\/\/www.desclicsetdeslettres.fr\/index.php\/les-que-sais-je-sur-lescrime\/#breadcrumb\",\"itemListElement\":[{\"@type\":\"ListItem\",\"position\":1,\"name\":\"Accueil\",\"item\":\"https:\/\/www.desclicsetdeslettres.fr\/\"},{\"@type\":\"ListItem\",\"position\":2,\"name\":\"Les \u00ab\u00a0Que sais-je ?\u00a0\u00bb sur l&rsquo;escrime\"}]},{\"@type\":\"WebSite\",\"@id\":\"https:\/\/www.desclicsetdeslettres.fr\/#website\",\"url\":\"https:\/\/www.desclicsetdeslettres.fr\/\",\"name\":\"Des Clics et des Lettres\",\"description\":\"JV ind\u00e9, curation et interviews !\",\"publisher\":{\"@id\":\"https:\/\/www.desclicsetdeslettres.fr\/#organization\"},\"alternateName\":\"Des Clics et des Lettres\",\"potentialAction\":[{\"@type\":\"SearchAction\",\"target\":{\"@type\":\"EntryPoint\",\"urlTemplate\":\"https:\/\/www.desclicsetdeslettres.fr\/?s={search_term_string}\"},\"query-input\":{\"@type\":\"PropertyValueSpecification\",\"valueRequired\":true,\"valueName\":\"search_term_string\"}}],\"inLanguage\":\"fr-FR\"},{\"@type\":\"Organization\",\"@id\":\"https:\/\/www.desclicsetdeslettres.fr\/#organization\",\"name\":\"Des Clics et des Lettres\",\"url\":\"https:\/\/www.desclicsetdeslettres.fr\/\",\"logo\":{\"@type\":\"ImageObject\",\"inLanguage\":\"fr-FR\",\"@id\":\"https:\/\/www.desclicsetdeslettres.fr\/#\/schema\/logo\/image\/\",\"url\":\"https:\/\/www.desclicsetdeslettres.fr\/wp-content\/uploads\/2024\/04\/Logo-Des-Clics-et-des-Lettres.png\",\"contentUrl\":\"https:\/\/www.desclicsetdeslettres.fr\/wp-content\/uploads\/2024\/04\/Logo-Des-Clics-et-des-Lettres.png\",\"width\":501,\"height\":501,\"caption\":\"Des Clics et des Lettres\"},\"image\":{\"@id\":\"https:\/\/www.desclicsetdeslettres.fr\/#\/schema\/logo\/image\/\"},\"sameAs\":[\"https:\/\/www.facebook.com\/profile.php?id=61558453618650\",\"https:\/\/x.com\/DClicsDLettres\"]}]}<\/script>\n<!-- \/ Yoast SEO plugin. -->","yoast_head_json":{"title":"Les \"Que sais-je ?\" sur l'escrime - Des Clics et des Lettres","robots":{"index":"index","follow":"follow","max-snippet":"max-snippet:-1","max-image-preview":"max-image-preview:large","max-video-preview":"max-video-preview:-1"},"canonical":"https:\/\/www.desclicsetdeslettres.fr\/index.php\/les-que-sais-je-sur-lescrime\/","og_locale":"fr_FR","og_type":"article","og_title":"Les \"Que sais-je ?\" sur l'escrime - Des Clics et des Lettres","og_description":"Tout le monde a d\u00e9j\u00e0 entendu parler de la collection \u00ab\u00a0Que sais-je ?\u00a0\u00bb des Presses Universitaires de France (PUF). Cr\u00e9\u00e9e au d\u00e9but des ann\u00e9es 40, elle a pour objectif de r\u00e9sumer dans des ouvrages condens\u00e9s, mais tr\u00e8s riches, de 128 pages exactement, l\u2019\u00e9tendue des connaissances actuelles sur un maximum de sujets issus des cultures universitaires [&hellip;]","og_url":"https:\/\/www.desclicsetdeslettres.fr\/index.php\/les-que-sais-je-sur-lescrime\/","og_site_name":"Des Clics et des Lettres","article_publisher":"https:\/\/www.facebook.com\/profile.php?id=61558453618650","article_modified_time":"2024-05-11T15:43:10+00:00","og_image":[{"url":"https:\/\/www.desclicsetdeslettres.fr\/wp-content\/uploads\/2024\/05\/Que-sais-je-escrime-1024x745.jpg","type":"","width":"","height":""}],"twitter_card":"summary_large_image","twitter_site":"@DClicsDLettres","twitter_misc":{"Dur\u00e9e de lecture estim\u00e9e":"4 minutes"},"schema":{"@context":"https:\/\/schema.org","@graph":[{"@type":"WebPage","@id":"https:\/\/www.desclicsetdeslettres.fr\/index.php\/les-que-sais-je-sur-lescrime\/","url":"https:\/\/www.desclicsetdeslettres.fr\/index.php\/les-que-sais-je-sur-lescrime\/","name":"Les \"Que sais-je ?\" sur l'escrime - Des Clics et des Lettres","isPartOf":{"@id":"https:\/\/www.desclicsetdeslettres.fr\/#website"},"primaryImageOfPage":{"@id":"https:\/\/www.desclicsetdeslettres.fr\/index.php\/les-que-sais-je-sur-lescrime\/#primaryimage"},"image":{"@id":"https:\/\/www.desclicsetdeslettres.fr\/index.php\/les-que-sais-je-sur-lescrime\/#primaryimage"},"thumbnailUrl":"https:\/\/www.desclicsetdeslettres.fr\/wp-content\/uploads\/2024\/05\/Que-sais-je-escrime-1024x745.jpg","datePublished":"2024-05-11T14:08:51+00:00","dateModified":"2024-05-11T15:43:10+00:00","breadcrumb":{"@id":"https:\/\/www.desclicsetdeslettres.fr\/index.php\/les-que-sais-je-sur-lescrime\/#breadcrumb"},"inLanguage":"fr-FR","potentialAction":[{"@type":"ReadAction","target":["https:\/\/www.desclicsetdeslettres.fr\/index.php\/les-que-sais-je-sur-lescrime\/"]}]},{"@type":"ImageObject","inLanguage":"fr-FR","@id":"https:\/\/www.desclicsetdeslettres.fr\/index.php\/les-que-sais-je-sur-lescrime\/#primaryimage","url":"https:\/\/www.desclicsetdeslettres.fr\/wp-content\/uploads\/2024\/05\/Que-sais-je-escrime.jpg","contentUrl":"https:\/\/www.desclicsetdeslettres.fr\/wp-content\/uploads\/2024\/05\/Que-sais-je-escrime.jpg","width":1992,"height":1450},{"@type":"BreadcrumbList","@id":"https:\/\/www.desclicsetdeslettres.fr\/index.php\/les-que-sais-je-sur-lescrime\/#breadcrumb","itemListElement":[{"@type":"ListItem","position":1,"name":"Accueil","item":"https:\/\/www.desclicsetdeslettres.fr\/"},{"@type":"ListItem","position":2,"name":"Les \u00ab\u00a0Que sais-je ?\u00a0\u00bb sur l&rsquo;escrime"}]},{"@type":"WebSite","@id":"https:\/\/www.desclicsetdeslettres.fr\/#website","url":"https:\/\/www.desclicsetdeslettres.fr\/","name":"Des Clics et des Lettres","description":"JV ind\u00e9, curation et interviews !","publisher":{"@id":"https:\/\/www.desclicsetdeslettres.fr\/#organization"},"alternateName":"Des Clics et des Lettres","potentialAction":[{"@type":"SearchAction","target":{"@type":"EntryPoint","urlTemplate":"https:\/\/www.desclicsetdeslettres.fr\/?s={search_term_string}"},"query-input":{"@type":"PropertyValueSpecification","valueRequired":true,"valueName":"search_term_string"}}],"inLanguage":"fr-FR"},{"@type":"Organization","@id":"https:\/\/www.desclicsetdeslettres.fr\/#organization","name":"Des Clics et des Lettres","url":"https:\/\/www.desclicsetdeslettres.fr\/","logo":{"@type":"ImageObject","inLanguage":"fr-FR","@id":"https:\/\/www.desclicsetdeslettres.fr\/#\/schema\/logo\/image\/","url":"https:\/\/www.desclicsetdeslettres.fr\/wp-content\/uploads\/2024\/04\/Logo-Des-Clics-et-des-Lettres.png","contentUrl":"https:\/\/www.desclicsetdeslettres.fr\/wp-content\/uploads\/2024\/04\/Logo-Des-Clics-et-des-Lettres.png","width":501,"height":501,"caption":"Des Clics et des Lettres"},"image":{"@id":"https:\/\/www.desclicsetdeslettres.fr\/#\/schema\/logo\/image\/"},"sameAs":["https:\/\/www.facebook.com\/profile.php?id=61558453618650","https:\/\/x.com\/DClicsDLettres"]}]}},"_links":{"self":[{"href":"https:\/\/www.desclicsetdeslettres.fr\/index.php\/wp-json\/wp\/v2\/pages\/1169","targetHints":{"allow":["GET"]}}],"collection":[{"href":"https:\/\/www.desclicsetdeslettres.fr\/index.php\/wp-json\/wp\/v2\/pages"}],"about":[{"href":"https:\/\/www.desclicsetdeslettres.fr\/index.php\/wp-json\/wp\/v2\/types\/page"}],"author":[{"embeddable":true,"href":"https:\/\/www.desclicsetdeslettres.fr\/index.php\/wp-json\/wp\/v2\/users\/1"}],"replies":[{"embeddable":true,"href":"https:\/\/www.desclicsetdeslettres.fr\/index.php\/wp-json\/wp\/v2\/comments?post=1169"}],"version-history":[{"count":4,"href":"https:\/\/www.desclicsetdeslettres.fr\/index.php\/wp-json\/wp\/v2\/pages\/1169\/revisions"}],"predecessor-version":[{"id":1195,"href":"https:\/\/www.desclicsetdeslettres.fr\/index.php\/wp-json\/wp\/v2\/pages\/1169\/revisions\/1195"}],"wp:attachment":[{"href":"https:\/\/www.desclicsetdeslettres.fr\/index.php\/wp-json\/wp\/v2\/media?parent=1169"}],"curies":[{"name":"wp","href":"https:\/\/api.w.org\/{rel}","templated":true}]}}